{"id":143,"date":"2025-10-07T16:19:16","date_gmt":"2025-10-07T19:19:16","guid":{"rendered":"https:\/\/expansaosemevasao.com.br\/?page_id=143"},"modified":"2025-10-08T14:55:16","modified_gmt":"2025-10-08T17:55:16","slug":"avancoministerial","status":"publish","type":"page","link":"https:\/\/expansaosemevasao.com.br\/","title":{"rendered":"Avan\u00e7o Ministerial [VSL]"},"content":{"rendered":"\t\t<div data-elementor-type=\"wp-page\" data-elementor-id=\"143\" class=\"elementor elementor-143\" data-elementor-post-type=\"page\">\n\t\t\t\t\t\t<section class=\"elementor-section elementor-top-section elementor-element elementor-element-c4af48e elementor-section-stretched elementor-section-items-stretch elementor-section-height-full elementor-section-boxed elementor-section-height-default\" data-id=\"c4af48e\" data-element_type=\"section\" data-settings=\"{&quot;stretch_section&quot;:&quot;section-stretched&quot;,&quot;background_background&quot;:&quot;classic&quot;}\">\n\t\t\t\t\t\t\t<div class=\"elementor-background-overlay\"><\/div>\n\t\t\t\t\t\t\t<div class=\"elementor-container elementor-column-gap-default\">\n\t\t\t\t\t<div class=\"elementor-column elementor-col-100 elementor-top-column elementor-element elementor-element-fae15f3\" data-id=\"fae15f3\" data-element_type=\"column\">\n\t\t\t<div class=\"elementor-widget-wrap elementor-element-populated\">\n\t\t\t\t\t\t<section class=\"elementor-section elementor-inner-section elementor-element elementor-element-078c067 elementor-section-height-full elementor-section-full_width elementor-section-height-default\" data-id=\"078c067\" data-element_type=\"section\">\n\t\t\t\t\t\t<div class=\"elementor-container elementor-column-gap-default\">\n\t\t\t\t\t<div class=\"elementor-column elementor-col-100 elementor-inner-column elementor-element elementor-element-a11371f\" data-id=\"a11371f\" data-element_type=\"column\">\n\t\t\t<div class=\"elementor-widget-wrap elementor-element-populated\">\n\t\t\t\t\t\t<div class=\"elementor-element elementor-element-160abd6 elementor-widget elementor-widget-spacer\" data-id=\"160abd6\" data-element_type=\"widget\" data-widget_type=\"spacer.default\">\n\t\t\t\t<div class=\"elementor-widget-container\">\n\t\t\t<style>\/*! elementor - v3.21.0 - 08-05-2024 *\/\n.elementor-column .elementor-spacer-inner{height:var(--spacer-size)}.e-con{--container-widget-width:100%}.e-con-inner>.elementor-widget-spacer,.e-con>.elementor-widget-spacer{width:var(--container-widget-width,var(--spacer-size));--align-self:var(--container-widget-align-self,initial);--flex-shrink:0}.e-con-inner>.elementor-widget-spacer>.elementor-widget-container,.e-con>.elementor-widget-spacer>.elementor-widget-container{height:100%;width:100%}.e-con-inner>.elementor-widget-spacer>.elementor-widget-container>.elementor-spacer,.e-con>.elementor-widget-spacer>.elementor-widget-container>.elementor-spacer{height:100%}.e-con-inner>.elementor-widget-spacer>.elementor-widget-container>.elementor-spacer>.elementor-spacer-inner,.e-con>.elementor-widget-spacer>.elementor-widget-container>.elementor-spacer>.elementor-spacer-inner{height:var(--container-widget-height,var(--spacer-size))}.e-con-inner>.elementor-widget-spacer.elementor-widget-empty,.e-con>.elementor-widget-spacer.elementor-widget-empty{position:relative;min-height:22px;min-width:22px}.e-con-inner>.elementor-widget-spacer.elementor-widget-empty .elementor-widget-empty-icon,.e-con>.elementor-widget-spacer.elementor-widget-empty .elementor-widget-empty-icon{position:absolute;top:0;bottom:0;left:0;right:0;margin:auto;padding:0;width:22px;height:22px}<\/style>\t\t<div class=\"elementor-spacer\">\n\t\t\t<div class=\"elementor-spacer-inner\"><\/div>\n\t\t<\/div>\n\t\t\t\t<\/div>\n\t\t\t\t<\/div>\n\t\t\t\t<div class=\"elementor-element elementor-element-c5b106d elementor-widget__width-initial elementor-widget elementor-widget-heading\" data-id=\"c5b106d\" data-element_type=\"widget\" data-widget_type=\"heading.default\">\n\t\t\t\t<div class=\"elementor-widget-container\">\n\t\t\t<style>\/*! elementor - v3.21.0 - 08-05-2024 *\/\n.elementor-heading-title{padding:0;margin:0;line-height:1}.elementor-widget-heading .elementor-heading-title[class*=elementor-size-]>a{color:inherit;font-size:inherit;line-height:inherit}.elementor-widget-heading .elementor-heading-title.elementor-size-small{font-size:15px}.elementor-widget-heading .elementor-heading-title.elementor-size-medium{font-size:19px}.elementor-widget-heading .elementor-heading-title.elementor-size-large{font-size:29px}.elementor-widget-heading .elementor-heading-title.elementor-size-xl{font-size:39px}.elementor-widget-heading .elementor-heading-title.elementor-size-xxl{font-size:59px}<\/style><h2 class=\"elementor-heading-title elementor-size-default\">Descubra como avan\u00e7ar sem perder pessoas e fortalecer sua comunidade<\/h2>\t\t<\/div>\n\t\t\t\t<\/div>\n\t\t\t\t<div class=\"elementor-element elementor-element-b38ee05 elementor-widget elementor-widget-html\" data-id=\"b38ee05\" data-element_type=\"widget\" data-widget_type=\"html.default\">\n\t\t\t\t<div class=\"elementor-widget-container\">\n\t\t\t<div style=\"position:relative;padding-top:56.25%;\"><iframe id=\"panda-dc696b2c-ee22-41a7-875f-7522b7d967b6\" src=\"https:\/\/player-vz-3598fed4-46f.tv.pandavideo.com.br\/embed\/?v=dc696b2c-ee22-41a7-875f-7522b7d967b6&startTime=4&iosFakeFullscreen=true\" style=\"border:none;position:absolute;top:0;left:0;\" allow=\"accelerometer;gyroscope;autoplay;encrypted-media;picture-in-picture\" allowfullscreen=true width=\"100%\" height=\"100%\" fetchpriority=\"high\"><\/iframe><script>if(!document.querySelector('script[src=\"https:\/\/player.pandavideo.com.br\/api.v2.js\"]')){let s=document.createElement('script');s.src='https:\/\/player.pandavideo.com.br\/api.v2.js'; s.async=true; document.head.appendChild(s);} window.pandascripttag = window.pandascripttag || [];window.pandascripttag.push(function (){const panda_id_player = 'panda-dc696b2c-ee22-41a7-875f-7522b7d967b6';const p=new PandaPlayer(panda_id_player,{onReady(){p.loadWindowScreen({panda_id_player});}});})<\/script><\/div>\t\t<\/div>\n\t\t\t\t<\/div>\n\t\t\t\t<div class=\"elementor-element elementor-element-aaedd11 delay elementor-widget elementor-widget-html\" data-id=\"aaedd11\" data-element_type=\"widget\" data-widget_type=\"html.default\">\n\t\t\t\t<div class=\"elementor-widget-container\">\n\t\t\t<div style=\"text-align: center;\">\n    <a href=\"https:\/\/pages.leadstaker.com\/p\/inbound\" target=\"_blank\" style=\"text-decoration: none;\">\n        <button class=\"botaocta\" data-tf-popup=\"\" data-tf-opacity=\"100\" data-tf-size=\"100\" data-tf-iframe-props=\"title=Natal Intencional\" data-tf-transitive-search-params data-tf-medium=\"snippet\" style=\"all:unset;font-family:Involve, sans-serif;display:inline-block;max-width:100%;white-space:nowrap;overflow:hidden;text-overflow:ellipsis;background: #93D522;color:#000;font-size:18px;border-radius:10px;padding:0 20px;font-weight:bold;height:50px;cursor:pointer;line-height:50px;text-align:center;\">FORTALE\u00c7A SUA COMUNIDADE<\/button>\n    <\/a>\n<\/div>\n\t\t<\/div>\n\t\t\t\t<\/div>\n\t\t\t\t<div class=\"elementor-element elementor-element-e22e94c elementor-widget elementor-widget-spacer\" data-id=\"e22e94c\" data-element_type=\"widget\" data-widget_type=\"spacer.default\">\n\t\t\t\t<div class=\"elementor-widget-container\">\n\t\t\t\t\t<div class=\"elementor-spacer\">\n\t\t\t<div class=\"elementor-spacer-inner\"><\/div>\n\t\t<\/div>\n\t\t\t\t<\/div>\n\t\t\t\t<\/div>\n\t\t\t\t<div class=\"elementor-element elementor-element-40b535c elementor-widget elementor-widget-spacer\" data-id=\"40b535c\" data-element_type=\"widget\" data-widget_type=\"spacer.default\">\n\t\t\t\t<div class=\"elementor-widget-container\">\n\t\t\t\t\t<div class=\"elementor-spacer\">\n\t\t\t<div class=\"elementor-spacer-inner\"><\/div>\n\t\t<\/div>\n\t\t\t\t<\/div>\n\t\t\t\t<\/div>\n\t\t\t\t\t<\/div>\n\t\t<\/div>\n\t\t\t\t\t<\/div>\n\t\t<\/section>\n\t\t\t\t\t<\/div>\n\t\t<\/div>\n\t\t\t\t\t<\/div>\n\t\t<\/section>\n\t\t\t\t<section class=\"elementor-section elementor-top-section elementor-element elementor-element-09ab1ba elementor-section-stretched elementor-section-items-stretch elementor-section-height-full elementor-section-boxed elementor-section-height-default\" data-id=\"09ab1ba\" data-element_type=\"section\" data-settings=\"{&quot;stretch_section&quot;:&quot;section-stretched&quot;,&quot;background_background&quot;:&quot;classic&quot;}\">\n\t\t\t\t\t\t\t<div class=\"elementor-background-overlay\"><\/div>\n\t\t\t\t\t\t\t<div class=\"elementor-container elementor-column-gap-default\">\n\t\t\t\t\t<div class=\"elementor-column elementor-col-100 elementor-top-column elementor-element elementor-element-5fb7fa3\" data-id=\"5fb7fa3\" data-element_type=\"column\">\n\t\t\t<div class=\"elementor-widget-wrap\">\n\t\t\t\t\t\t\t<\/div>\n\t\t<\/div>\n\t\t\t\t\t<\/div>\n\t\t<\/section>\n\t\t\t\t<\/div>\n\t\t","protected":false},"excerpt":{"rendered":"<p>Descubra como avan\u00e7ar sem perder pessoas e fortalecer sua comunidade FORTALE\u00c7A SUA COMUNIDADE<\/p>\n","protected":false},"author":1,"featured_media":0,"parent":0,"menu_order":0,"comment_status":"closed","ping_status":"closed","template":"","meta":{"footnotes":""},"class_list":["post-143","page","type-page","status-publish","hentry"],"yoast_head":"<!-- This site is optimized with the Yoast SEO plugin v21.4 - https:\/\/yoast.com\/wordpress\/plugins\/seo\/ -->\n<title>Avan\u00e7o Ministerial [VSL] - Expans\u00e3o Sem Evas\u00e3o<\/title>\n<meta name=\"robots\" content=\"index, follow, max-snippet:-1, max-image-preview:large, max-video-preview:-1\" \/>\n<link rel=\"canonical\" href=\"https:\/\/expansaosemevasao.com.br\/\" \/>\n<meta property=\"og:locale\" content=\"pt_BR\" \/>\n<meta property=\"og:type\" content=\"article\" \/>\n<meta property=\"og:title\" content=\"Avan\u00e7o Ministerial [VSL] - Expans\u00e3o Sem Evas\u00e3o\" \/>\n<meta property=\"og:description\" content=\"Descubra como avan\u00e7ar sem perder pessoas e fortalecer sua comunidade FORTALE\u00c7A SUA COMUNIDADE\" \/>\n<meta property=\"og:url\" content=\"https:\/\/expansaosemevasao.com.br\/\" \/>\n<meta property=\"og:site_name\" content=\"Expans\u00e3o Sem Evas\u00e3o\" \/>\n<meta property=\"article:modified_time\" content=\"2025-10-08T17:55:16+00:00\" \/>\n<meta name=\"twitter:card\" content=\"summary_large_image\" \/>\n<meta name=\"twitter:label1\" content=\"Est. tempo de leitura\" \/>\n\t<meta name=\"twitter:data1\" content=\"1 minuto\" \/>\n<script type=\"application\/ld+json\" class=\"yoast-schema-graph\">{\"@context\":\"https:\/\/schema.org\",\"@graph\":[{\"@type\":\"WebPage\",\"@id\":\"https:\/\/expansaosemevasao.com.br\/\",\"url\":\"https:\/\/expansaosemevasao.com.br\/\",\"name\":\"Avan\u00e7o Ministerial [VSL] - Expans\u00e3o Sem Evas\u00e3o\",\"isPartOf\":{\"@id\":\"https:\/\/expansaosemevasao.com.br\/#website\"},\"datePublished\":\"2025-10-07T19:19:16+00:00\",\"dateModified\":\"2025-10-08T17:55:16+00:00\",\"breadcrumb\":{\"@id\":\"https:\/\/expansaosemevasao.com.br\/#breadcrumb\"},\"inLanguage\":\"pt-BR\",\"potentialAction\":[{\"@type\":\"ReadAction\",\"target\":[\"https:\/\/expansaosemevasao.com.br\/\"]}]},{\"@type\":\"BreadcrumbList\",\"@id\":\"https:\/\/expansaosemevasao.com.br\/#breadcrumb\",\"itemListElement\":[{\"@type\":\"ListItem\",\"position\":1,\"name\":\"In\u00edcio\",\"item\":\"https:\/\/expansaosemevasao.com.br\/\"},{\"@type\":\"ListItem\",\"position\":2,\"name\":\"Avan\u00e7o Ministerial [VSL]\"}]},{\"@type\":\"WebSite\",\"@id\":\"https:\/\/expansaosemevasao.com.br\/#website\",\"url\":\"https:\/\/expansaosemevasao.com.br\/\",\"name\":\"Expans\u00e3o Sem Evas\u00e3o\",\"description\":\"\",\"potentialAction\":[{\"@type\":\"SearchAction\",\"target\":{\"@type\":\"EntryPoint\",\"urlTemplate\":\"https:\/\/expansaosemevasao.com.br\/?s={search_term_string}\"},\"query-input\":\"required name=search_term_string\"}],\"inLanguage\":\"pt-BR\"}]}<\/script>\n<!-- \/ Yoast SEO plugin. -->","yoast_head_json":{"title":"Avan\u00e7o Ministerial [VSL] - Expans\u00e3o Sem Evas\u00e3o","robots":{"index":"index","follow":"follow","max-snippet":"max-snippet:-1","max-image-preview":"max-image-preview:large","max-video-preview":"max-video-preview:-1"},"canonical":"https:\/\/expansaosemevasao.com.br\/","og_locale":"pt_BR","og_type":"article","og_title":"Avan\u00e7o Ministerial [VSL] - Expans\u00e3o Sem Evas\u00e3o","og_description":"Descubra como avan\u00e7ar sem perder pessoas e fortalecer sua comunidade FORTALE\u00c7A SUA COMUNIDADE","og_url":"https:\/\/expansaosemevasao.com.br\/","og_site_name":"Expans\u00e3o Sem Evas\u00e3o","article_modified_time":"2025-10-08T17:55:16+00:00","twitter_card":"summary_large_image","twitter_misc":{"Est. tempo de leitura":"1 minuto"},"schema":{"@context":"https:\/\/schema.org","@graph":[{"@type":"WebPage","@id":"https:\/\/expansaosemevasao.com.br\/","url":"https:\/\/expansaosemevasao.com.br\/","name":"Avan\u00e7o Ministerial [VSL] - Expans\u00e3o Sem Evas\u00e3o","isPartOf":{"@id":"https:\/\/expansaosemevasao.com.br\/#website"},"datePublished":"2025-10-07T19:19:16+00:00","dateModified":"2025-10-08T17:55:16+00:00","breadcrumb":{"@id":"https:\/\/expansaosemevasao.com.br\/#breadcrumb"},"inLanguage":"pt-BR","potentialAction":[{"@type":"ReadAction","target":["https:\/\/expansaosemevasao.com.br\/"]}]},{"@type":"BreadcrumbList","@id":"https:\/\/expansaosemevasao.com.br\/#breadcrumb","itemListElement":[{"@type":"ListItem","position":1,"name":"In\u00edcio","item":"https:\/\/expansaosemevasao.com.br\/"},{"@type":"ListItem","position":2,"name":"Avan\u00e7o Ministerial [VSL]"}]},{"@type":"WebSite","@id":"https:\/\/expansaosemevasao.com.br\/#website","url":"https:\/\/expansaosemevasao.com.br\/","name":"Expans\u00e3o Sem Evas\u00e3o","description":"","potentialAction":[{"@type":"SearchAction","target":{"@type":"EntryPoint","urlTemplate":"https:\/\/expansaosemevasao.com.br\/?s={search_term_string}"},"query-input":"required name=search_term_string"}],"inLanguage":"pt-BR"}]}},"_links":{"self":[{"href":"https:\/\/expansaosemevasao.com.br\/index.php\/wp-json\/wp\/v2\/pages\/143","targetHints":{"allow":["GET"]}}],"collection":[{"href":"https:\/\/expansaosemevasao.com.br\/index.php\/wp-json\/wp\/v2\/pages"}],"about":[{"href":"https:\/\/expansaosemevasao.com.br\/index.php\/wp-json\/wp\/v2\/types\/page"}],"author":[{"embeddable":true,"href":"https:\/\/expansaosemevasao.com.br\/index.php\/wp-json\/wp\/v2\/users\/1"}],"replies":[{"embeddable":true,"href":"https:\/\/expansaosemevasao.com.br\/index.php\/wp-json\/wp\/v2\/comments?post=143"}],"version-history":[{"count":13,"href":"https:\/\/expansaosemevasao.com.br\/index.php\/wp-json\/wp\/v2\/pages\/143\/revisions"}],"predecessor-version":[{"id":160,"href":"https:\/\/expansaosemevasao.com.br\/index.php\/wp-json\/wp\/v2\/pages\/143\/revisions\/160"}],"wp:attachment":[{"href":"https:\/\/expansaosemevasao.com.br\/index.php\/wp-json\/wp\/v2\/media?parent=143"}],"curies":[{"name":"wp","href":"https:\/\/api.w.org\/{rel}","templated":true}]}}